is c(g)?
6
Let v(i) be the first derivative of 2*i**3/3 - 15*i + 813. Determine v(0).
-15
Suppose -3*g - 6 = 2*t, -58*g = -62*g. Let d(x) = x**3 + 2*x**2 - 5*x - 3. Calculate d(t).
3
Let l(p) = -20*p**3 - p**2. Suppose 12*i - 41 - 355 = 0. Suppose 3*a = i - 36. What is l(a)?
19
Suppose -6 + 0 = -3*i. Let g(v) = 2*v**2 - v**2 - 17*v**3 - 5 + 7 - 3*v**2 + 18*v**3. Give g(i).
2
Let k(c) = 6*c**3 - 7*c**2 - 17*c + 11. Let v(g) = 7*g**3 - 8*g**2 - 19*g + 12. Let q(f) = 6*k(f) - 5*v(f). Determine q(4).
10
Let g(c) = 9*c + 2. Let t = -163 + 161. Calculate g(t).
-16
Let z(b) = 85 - 54 - b - b + 3*b. What is z(-21)?
10
Let n be (4 + 2)*4/(24/15). Let y(b) = b**2 - 14*b - 10. What is y(n)?
5
Let v(b) = -2*b**3 - b + 16. Let w(l) = l**3 - 11 - l**3 + l**3 + l - 6. Let k(o) = -2*v(o) - 3*w(o). Give k(0).
19
Let h be 35*-1*(-66)/55. Let b be (28/h)/(4/(-6)). Let j be -3 + (-1 - (b - 3)). Let z(k) = -k - 4. What is z(j)?
-4
Let q(b) = b**2 - 26*b + 36*b - 18 + 5. Give q(-10).
-13
Let c(d) be the first derivative of d**3 + d**2/2 - 4*d - 502. Determine c(2).
10
Let z(h) = h - 1. Let t(l) = -3*l**3 + 4*l**2 - 4*l + 11 + 0*l**3 - 1 + 2*l**3. Let s be t(4). Determine z(s).
-7
Let h be 1/((-2)/(-3 + -1)). Let o(j) = 13 + 0*j**3 - 5*j**h - 15 - 5*j + j**3. Let q be (3 - 21/6)*-12. Determine o(q).
4
Suppose -l = 3, -3*l - 18 = -3*g - 0. Let a(y) = 2*y + 20. Let i be a(-9). Let v(w) = -w - 3*w**i + w**3 + 2*w - 41 + 40. Calculate v(g).
2
Let k(p) = 5*p**2 - 3*p - 4. Suppose -h - 12 = 3*f, -5*h = -6*f + 9*f. Calculate k(h).
32
Let n(g) be the first derivative of -g**5/60 - g**3/3 + 3*g**2 + 6. Let a(q) be the second derivative of n(q). Calculate a(0).
-2
Suppose -25*o + 24*o = -5*r + 5, -4*r - 3*o = -4. Let b(k) = 18*k**2 + 3 + 2*k + 2 + 3 - 9. What is b(r)?
19
Let n(r) = -2*r**2 - 1. Let g(w) = -7*w**2 - 19*w + 7. Let x(y) = g(y) - 4*n(y). Determine x(19).
11
Let o(z) = z**3 - 2*z**2 - 5*z - 2. Let c be o(-1). Let u(a) be the third derivative of 0*a - 1/2*a**3 - 1/12*a**4 - 11*a**2 + c. Give u(3).
-9
Let z = 86 + -90. Let f(t) = -6*t + 5. Let x(y) = -7*y + 6. Let q(i) = 4*f(i) - 3*x(i). What is q(z)?
14
Suppose 5*f - a = -4, 0*f - 2*a + 8 = -2*f. Let v(s) = -7*s**3 - 3*s - 1. Let j(d) = -5*d**3 - 2*d - 2. Let z(l) = -3*j(l) + 2*v(l). Determine z(f).
4
Let y(h) = h**3 - 6*h**2 + 8*h + 2. Let b be y(4). Let o(v) = -9*v**2 + v + 12*v**2 + 4 - 2*v**b. What is o(0)?
4
Suppose 7*y = -3*y + 50. Let r(s) = y*s**3 + 8*s**3 - 228*s + 227*s + 1. Calculate r(1).
13
Suppose -3*g - 4*q = 18, 4*g - 6*q = -q + 7. Let m(l) = -3*l**2 + 5*l**2 - 2*l**3 + 0*l**2 + 3*l**3 + 2*l. Determine m(g).
-4
Let a(i) = -9*i + 3. Let d(w) = -46*w + 17. Let h(f) = -11*a(f) + 2*d(f). Let g(b) = -b**2 - 6*b - 1. Let j be g(-6). Give h(j).
-6
Let t(y) = -y**3 - 4*y**2 + 7*y + 6. Let c(v) = 2*v**2 + 9*v + 5. Let w be c(-6). Suppose 4*r + w = -3*z, 2*r = 4*z - 0 - 6. Let g = -10 - r. Give t(g).
-4
Suppose 7*t + 210 = 231. Let i(p) = -p**3 + 2*p**2 + 4*p - 1. Calculate i(t).
2
Suppose -135 = -109*k + 94*k. Let v(r) = r**2 - 6*r - 13. What is v(k)?
14
Let v be -8 + 2 + 8 - 4. Let a(l) = l**3 + 2*l**2 - 2*l. Determine a(v).
4
Let g(p) = -p**2 + p - 14. Let m be 8/80*5 - 1/2. What is g(m)?
-14
Let m(r) = -3*r**2 - 3 + 3*r**3 - 15*r**3 - 10*r**3 + 21*r**3. Give m(-4).
13
Let w be (-25)/(-5) + (-3 - -3). Let a(x) = -3*x + 3. Give a(w).
-12
Let v(c) = 71*c + 14 - 185*c + 57*c + 59*c. Calculate v(-7).
0
Let n be (-75)/(-6)*(-8)/(-20). Let o(a) = -5*a**2 - n*a + 2 + 4*a**2 + a + 0*a. Suppose 0 = -5*f + 4*z - 9, 0*f + 5*z = -5*f - 45. Give o(f).
-3
Suppose -4*h + 17 = 13. Let j(n) = -h - 12*n + 10*n + 13*n**2 + 2. Let m be (-5)/(-4) - (-2)/(-8). Calculate j(m).
12
Let t(m) be the third derivative of m**7/1260 - m**6/360 + m**5/120 - m**4/8 - 18*m**2. Let q(w) be the second derivative of t(w). Give q(2).
5
Let m(q) = -18*q + 3. Let p(k) = -17*k + 2. Let s(w) = -3*m(w) + 4*p(w). Let o = -75 + 76. Calculate s(o).
-15
Let y(w) = -3*w**3 + 4*w**2 - 4*w + 3. Let j(p) = 4*p + 22. Let k be j(-5). Suppose -5*x + 13 - 4 = -3*l, -k*l - 5 = -3*x. What is y(l)?
-13
Let o = -178 - -124. Let x = -51 - o. Let i(p) = -p**2 + p - 1. Give i(x).
-7
Let o(r) be the second derivative of -r**5/30 - r**4/24 - 35*r**3/6 - 32*r. Let p(g) be the second derivative of o(g). Calculate p(4).
-17
Let a(i) = -20*i**3 + 14*i**2 - 14*i + 3. Let y(z) = -7*z**3 + 5*z**2 - 5*z + 1. Let w(b) = 6*a(b) - 17*y(b). Suppose 0*u = -u. Calculate w(u).
1
Let n(i) = i**2 - 1. Let b be (-55)/(-65) - 10/(-65). Let t(a) = -2*a**2 + 4*a + 3. Let m(p) = b*t(p) + 3*n(p). Calculate m(-5).
5
Suppose 0 = -9*v - 5*v - 1344. Let x = -102 - v. Let p(i) = 7*i**2 - i - 7. Let k(w) = 15*w**2 - 3*w - 14. Let y(n) = -6*k(n) + 13*p(n). What is y(x)?
-1
Let s(k) = -2*k + 6. Let b(g) = -3*g + 11. Let n(i) = 3*b(i) - 5*s(i). Give n(-6).
-3
Let f(o) = -o**3 - 8*o**2 + 4*o - 13. Let g be ((-3)/(-6))/(4/(-72)). Calculate f(g).
32
Let k(r) = 5*r**2 + 10*r**2 + 2 - 2 - 1. Let f be ((1 - -1) + -2)/(-2). Suppose -3*h + 4*h - 1 = f. Give k(h).
14
Let c(p) = -p**3 + 5*p**2 - 2*p + 4. Let w(f) = 2*f**3 + 6*f + 10*f**2 + 9 - 7*f**3 - 4*f**2 + 6*f**3. Let h be w(-5). Determine c(h).
12
Let t = 10 + -11. Let a(n) = 2*n**3 - 9*n**2 - 2*n + 9. Let w(l) = -l + 4 + l**3 - 4*l**3 + 4*l**3 - 4*l**2. Let x(q) = -4*a(q) + 9*w(q). Calculate x(t).
0
Suppose -10*q - 2 = -11*q - 5. Let m(u) = -5*u**2 + 2*u + 7. Let v(d) = 9*d**2 - 4*d - 13. Let b(a) = 11*m(a) + 6*v(a). What is b(q)?
-4
Let p = -23 - -19. Let y be 36/90 - p/(-10). Suppose -5*c = -m - y*m - 3, -5*m = 3*c + 15. Let r(h) = -h**3 - 3*h**2 - 3*h - 1. What is r(m)?
8
Let u(n) = n**3 + n + 2. Let o be u(0). Let y(p) = -15*p**2 - 2*p + p - p**3 + 23*p**o + 1. Give y(8).
-7
Let r(y) = -y**3 + 3*y**2 + 5*y + 1. Let x(m) be the second derivative of m**4/12 - 11*m**3/6 - 4*m**2 + 3*m. Let v be x(12). Determine r(v).
5
Let z(m) = m**3 - 5*m**2 - 7*m + 7. Suppose -10*s + 21 + 39 = 0. Calculate z(s).
1
Let s be (5/(-5))/(2/(-16)). Suppose -s = 4*d + 8. Let i(j) = j**3 + 4*j**2 - 4*j - 4. Give i(d).
12
Let n(a) be the first derivative of a**5/120 + a**4/3 + 52*a**3/3 + 35. Let b(i) be the third derivative of n(i). What is b(-5)?
3
Let x(q) be the first derivative of -q**4/4 + 4*q**3 + 3*q**2/2 - 8*q - 187. Determine x(12).
28
Suppose 18*k - 32 = 22. Let h(q) = 9 + k*q + q**2 + 1 - 2 - 20. Determine h(-5).
-2
Let z(j) = -2*j - 2. Let u = -45 - -87. Let y = -37 + u. What is z(y)?
-12
Let m = 90 - 54. Suppose -57 = -3*r - m. Let i(n) = -n**3 + 8*n**2 - 6*n - 13. Let z be i(r). Let t(c) = -c**2 - 7*c - 9. Determine t(z).
-3
Suppose -2*i - 23 = 5*n, -5*i + 4*i = 2*n + 9. Let h(y) = -y**3 - y + 8. Let d(v) = -6*v**3 - 6*v**2 - 11*v + 41. Let q(b) = d(b) - 5*h(b). Calculate q(n).
6
Let h = -19 + 31. Let v(i) = 676*i - 4 + 680*i - 1358*i + 22. Let m be v(h). Let l(a) = a**3 + 7*a**2 + 6*a - 5. What is l(m)?
-5
Let x(l) = -2988*l + 5979*l + l**2 + 1 - 2988*l. Determine x(-2).
-1
Let c(g) = -5*g**2 + g - 4. Let w(v) = -6*v**2 + 2*v - 7. Let a(x) = c(x) - w(x). Suppose -15 = 5*k - 10*k. Determine a(k).
9
Suppose 0 = 4*n - 60 - 0. Let k(l) = 6 - l - 27 + n. Calculate k(7).
-13
Let m = -1 - 7. Let o(g) be the second derivative of 3*g**4/2 + 11*g**3/6 - 3*g + 1. Let v(n) = 12*n**2 + 7*n. Let i(p) = m*v(p) + 5*o(p). Calculate i(1).
-7
Let r(y) = y + 1. Let z be 2/(-12)*(-12)/2. Let d be r(z). Let u(a) = 51*a**3 - d*a**2 - 46*a**3 - 1 + 1 + a. Calculate u(1).
4
Let x(f) = f**2 + 3*f - 2. Suppose 26*y - 9*y = 34. What is x(y)?
8
Let i(j) = -j**2 - 13*j + 10. Let g be i(-11). Let u(n) = 19 - g + 14 + 2*n**3 - n + n**2. What is u(-2)?
-9
Let j(v) be the second derivative of -v + 1/3*v**3 - 1/12*v**4 - 1/2*v**2 + 0. Let l(t) = 15*t - 194. Let g be l(13). What is j(g)?
0
Let q(h) = -h**3 + 8*h**2 - 9*h + 5. Let g be q(6). Let m = g - 26. Let t(x) be the third derivative of -x**4/6 + x**3/6 - 3*x**2. Calculate t(m).
13
Suppose -3*m = -3*a + 2*m - 19, 4 = -3*a + 2*m. Suppose a = 2*u - 2. Suppose -u - 2 = 4*l. Let j(w) = -13*w**2 + 2*w + 1. Calculate j(l).
-14
Let m(o) = o - 6. Let s be -90*(1 + (-15)/9). Let r = 60 - s. Give m(r).
-6
Let j be 1/((-70)/(-34) - 2). Suppose 3*d = -h + j, -h - 12 = -5*h + 2*d. Suppose o = h*g + 31, -4*o + 34 = -9*g + 4*g. Let v(l) = 2*l + 7. G